s -334 (base 10) in base 11?
-284
What is 20a3 (base 12) in base 13?
1824
1574 (base 8) to base 2
1101111100
9b3c (base 13) to base 15
6658
-305601 (base 7) to base 5
-3134211
Convert 12222 (base 6) to base 15.
80e
22786 (base 9) to base 2
11101101111001
What is -1410 (base 6) in base 14?
-1c2
Convert -3114 (base 8) to base 7.
-4462
Convert -1ee8 (base 15) to base 12.
-3a9b
What is -1070 (base 8) in base 16?
-238
What is -112130 (base 4) in base 11?
-1096
What is 1513 (base 12) in base 15?
ae3
Convert 131330 (base 4) to base 11.
1492
What is 1301021 (base 4) in base 6?
53305
-2482 (base 10) to base 8
-4662
What is 53db (base 15) in base 8?
42534
Convert -868 (base 9) to base 11.
-596
What is 67 (base 15) in base 16?
61
What is 252 (base 13) in base 2?
110010101
What is 41344 (base 5) in base 4?
222210
What is -1320 (base 9) in base 4?
-33132
Convert -8356 (base 9) to base 10.
-6126
1101100011011001 (base 2) to base 14
16333
1a0 (base 13) to base 2
100101011
e2b (base 16) to base 4
320223
145 (base 11) to base 6
442
What is -424 (base 13) in base 2?
-1011000010
Convert 310332 (base 4) to base 3.
11122120
592 (base 14) to base 5
13413
Convert 38cc (base 14) to base 8.
23374
Convert -7e1 (base 15) to base 7.
-5131
What is 43412 (base 5) in base 10?
2982
28312 (base 9) to base 5
1103313
What is -1102011011 (base 3) in base 11?
-19996
-13964 (base 11) to base 8
-46521
What is 71162 (base 8) in base 7?
151263
Convert cc5 (base 14) to base 9.
3415
What is 10312 (base 4) in base 13?
1ab
What is -13111230 (base 4) in base 10?
-30060
334234 (base 5) to base 11
8975
647 (base 14) to base 12
873
Convert 59b (base 16) to base 10.
1435
Convert -4013042 (base 5) to base 3.
-10020010200
What is 211222122 (base 3) in base 8?
40565
What is 2340240 (base 5) in base 2?
1010100010111011
Convert 30220 (base 4) to base 8.
1450
100154 (base 7) to base 11
1176a
-1010011 (base 2) to base 10
-83
200021 (base 3) to base 15
22d
-342 (base 11) to base 13
-256
-1302130 (base 4) to base 3
-101001021
Convert -1420 (base 15) to base 7.
-15360
-1046 (base 12) to base 7
-5124
Convert -1303020 (base 4) to base 11.
-5599
-45f (base 16) to base 5
-13434
1b15 (base 15) to base 5
141440
What is aa7 (base 12) in base 14?
7dd
What is -1970 (base 16) in base 12?
-3928
Convert 2053 (base 10) to base 16.
805
What is -1022 (base 7) in base 14?
-1b9
27 (base 8) to base 4
113
What is 15432 (base 8) in base 4?
1230122
Convert 767 (base 8) to base 3.
200122
-311b (base 12) to base 3
-21100012
What is -95b (base 12) in base 3?
-1212122
Convert bb3 (base 14) to base 10.
2313
Convert 507 (base 9) to base 8.
634
211223 (base 4) to base 16
96b
1000000101000100 (base 2) to base 14
c0ba
What is -361c (base 16) in base 2?
-11011000011100
Convert 1333010 (base 4) to base 13.
3917
Convert 225 (base 14) to base 10.
425
-18006 (base 9) to base 13
-584a
-5420 (base 7) to base 4
-132011
What is -4300022 (base 5) in base 7?
-416404
What is -113222 (base 4) in base 5?
-22024
What is -10010100000111 (base 2) in base 15?
-2c1e
Convert -240021 (base 5) to base 16.
-2239
22411 (base 5) to base 8
3106
What is -11644 (base 7) in base 9?
-4181
Convert -3830 (base 10) to base 12.
-2272
Convert -54646 (base 7) to base 8.
-32611
3061 (base 9) to base 3
10002001
What is -122113 (base 4) in base 12?
-b87
101100001 (base 2) to base 4
11201
-2936 (base 16) to base 3
-112110202
-544 (base 6) to base 11
-17a
Convert -1010001101010010 (base 2) to base 3.
-2010100112
What is -102123 (base 4) in base 14?
-603
Convert -d5ee (base 16) to base 8.
-152756
Convert 367 (base 12) to base 8.
777
What is -41334 (base 9) in base 2?
-110101001101111
What is 1634 (base 7) in base 2?
1010010110
What is -2233 (base 8) in base 3?
-1121200
What is -3526 (base 7) in base 12?
-8ba
What is 26a4 (base 15) in base 2?
10000000111110
Convert -637 (base 11) to base 6.
-3314
What is 31202 (base 4) in base 11?
718
-5ca (base 14) to base 3
-1120220
1350 (base 7) to base 14
297
What is 363 (base 13) in base 9?
723
101001001 (base 2) to base 14
197
13324 (base 7) to base 11
2779
101100100101010 (base 2) to base 13
a50b
What is -507 (base 9) in base 10?
-412
Convert 130113 (base 5) to base 10.
5033
31572 (base 9) to base 13
9674
Convert a00 (base 14) to base 12.
1174
What is -3015 (base 14) in base 10?
-8251
What is -1410 (base 5) in base 14?
-126
Convert -3277 (base 16) to base 4.
-3021313
35940 (base 10) to base 15
a9b0
What is -1011101101010 (base 2) in base 4?
-1131222
214555 (base 7) to base 15
b267
Convert 60447 (base 8) to base 11.
17760
-526 (base 13) to base 11
-728
Convert 8818 (base 13) to base 15.
5934
Convert -495 (base 13) to base 15.
-383
Convert -320305 (base 6) to base 13.
-bb07
23302 (base 6) to base 9
4532
Convert -288 (base 13) to base 3.
-121200
-f0f (base 16) to base 2
-111100001111
What is 21b9 (base 14) in base 12?
3473
Convert 99a8 (base 11) to base 4.
3032002
-1775 (base 13) to base 3
-11202202
-50402 (base 6) to base 3
-100002102
-11110 (base 4) to base 6
-1324
What is 1553 (base 7) in base 14?
32a
What is 23 (base 10) in base 8?
27
Convert 245152 (base 6) to base 5.
1200014
What is -21011220 (base 3) in base 4?
-1101303
141 (base 8) to base 16
61
Convert -21a26 (base 12) to base 9.
-67243
What is 319 (base 13) in base 9?
647
What is -3452 (base 11) in base 12?
-275a
Convert -16116 (base 8) to base 16.
-1c4e
Convert -1584 (base 10) to base 16.
-630
Convert -622 (base 15) to base 2.
-10101100110
What is -25305 (base 7) in base 16?
-1a0d
Convert 443 (base 9) to base 2.
101101011
What is 5986 (base 11) in base 4?
1322132
Convert 1033 (base 9) to base 8.
1367
Convert -6d74 (base 14) to base 5.
-1102424
Convert -7724 (base 11) to base 14.
-39dc
-32110 (base 4) to base 9
-1227
26462 (base 7) to base 11
5375
-27516 (base 11) to base 16
-9935
Convert 44246 (base 11) to base 7.
355054
Convert -293 (base 13) to base 11.
-387
Convert -102 (base 6) to base 7.
-53
1011100010 (base 2) to base 16
2e2
What is -18b (base 15) in base 6?
-1352
-2148 (base 9) to base 16
-62f
What is 3114404 (base 5) in base 7?
302233
Convert -21d (base 14) to base 12.
-2ab
What is 1145 (base 6) in base 4?
10121
-111001111101 (base 2) to base 9
-5071
-2514 (base 6) to base 11
-516
Convert -11012 (base 3) to base 10.
-113
164a2 (base 13) to base 8
123067
What is -101101001011101 (base 2) in base 10?
-23133
Convert -39445 (base 11) to base 8.
-156163
Convert 21340 (base 5) to base 11.
1117
What is -7b4 (base 15) in base 3?
-2101121
Convert 47 (base 9) to base 3.
1121
202210 (base 4) to base 16
8a4
Convert -892b (base 15) to base 13.
-102cb
What is 11a (base 14) in base 12?
164
-2066 (base 8) to base 3
-1110221
100000011 (base 3) to base 9
10004
bee (base 15) to base 7
10604
Convert -1134 (base 5) to base 10.
-169
What is -1332213 (base 4) in base 11?
-60a7
Convert 12144 (base 11) to base 15.
529c
1a3 (base 16) to base 11
351
-10c (base 15) to base 7
-456
What is -130121 (base 4) in base 10?
-1817
Convert 2540 (base 16) to base 3.
111002012
1320031 (base 4) to base 11
5864
What is -112056 (base 7) in base 5?
-1114220
What is 32510 (base 8) in base 13?
6293
15653 (base 8) to base 16
1bab
What is -2759 (base 12) in base 6?
-32553
100110000 (base 2) to base 6
1224
Convert 317a (base 11) to base 5.
113301
What is 5a2 (base 11) in base 9?
876
What is -32001 (base 4) in base 3?
-1020020
-2826 (base 9) to base 3
-2220220
What is -31104 (base 5) in base 12?
-1211
Convert -312 (base 8) to base 4.
-3022
Convert -10100100001011 (base 2) to base 5.
-314012
Convert 11001 (base 4) to base 6.
1253
What is c17 (base 16) in base 10?
3095
Convert 477 (base 10) to base 3.
122200
Convert -25040 (base 6) to base 3.
-12001220
Convert -80f (base 16) to base 13.
-c29
Convert -13420 (base 6) to base 13.
-c57
6822 (base 9) to base 6
35202
What is -15ae (base 16) in base 2?
-1010110101110
What is 155 (base 16) in base 10?
341
Convert 6b4 (base 16) to base 13.
a20
What is 3b0 (base 12) in base 4?
20310
20752 (base 8) to base 13
3c4b
-20212121 (base 3) to base 16
-1393
What is a2 (base 13) in base 12?
b0
What is -146 (base 7) in base 4?
-1103
-1002013 (base 5) to base 4
-3320023
What is 140404 (base 5) in base 9?
7765
13524 (base 8) to base 11
453a
101010111010 (base 2) to base 9
3681
32113 (ba